hat is the remainder when d(-2) is divided by q?
5
What is the remainder when (0 + 1)/(124/(-620)) - (-158)/2 is divided by 14?
4
Let q be 14 - 11 - (-34)/2*1. Let m be (q/(10/(-2)))/(2/(-4)). Let b(t) = -t**2 + 11*t - 19. Calculate the remainder when 7 is divided by b(m).
2
Suppose -l + 23 + 8 = 0. Let u(r) = 32*r - 2680. Calculate the remainder when l is divided by u(84).
7
Let k(b) = b**3 + 6*b**2 + 6*b + 6. Let p be k(-5). Suppose -3*h = 24, -107*t + 111*t - h = 60. What is the remainder when (-7 - -9) + 44 + p is divided by t?
8
Let a = 294 + -281. What is the remainder when 214 is divided by a?
6
Let h = 1312 - 808. Calculate the remainder when h is divided by 167.
3
What is the remainder when (3/(-12)*6)/(13 - 23667/1820) is divided by 13?
0
Let b(x) = -509*x**2 - 21 - 7*x + 511*x**2 - 26*x + 87. What is the remainder when b(20) is divided by 11?
8
Suppose -24*y - 327 = -27*y. Calculate the remainder when 1196 is divided by y.
106
Suppose 130 = 10*n - 5*n. Let b = -3391 + 3465. Calculate the remainder when b is divided by n.
22
Let l(o) = o**3 + 4*o**2 - 4*o - 3. Suppose -2*h = 4*h + 108. Let n = -8 - h. What is the remainder when l(3) is divided by n?
8
Suppose -t + 36 - 8 = 0. Suppose -91*j = -90*j - 1. Calculate the remainder when j/((-35)/(-21)) - 407/(-5) is divided by t.
26
Let r(y) = 3*y**3 - 14*y**2 + 35*y + 16. What is the remainder when 1487 is divided by r(6)?
7
Let x(n) = -n - 6. Let z be x(-6). Suppose 0*d - d + 10 = z. What is the remainder when d is divided by (7 + 455/(-60))*-12?
3
Suppose 5*o + 3*v = 8*v + 3645, -3*o - 4*v = -2166. Calculate the remainder when o is divided by 146.
142
Suppose -48 = m - 53, 4*m + 1249 = a. Calculate the remainder when a is divided by 10.
9
Suppose 4*o = 2*g + 110, -9*o + 14*o + 3*g = 154. What is the remainder when 7273 is divided by o?
23
Suppose 0*b + 68 = 2*b. Suppose 478 = b*k - 236. Calculate the remainder when 101 is divided by k.
17
Let t = 2998 - 1308. Suppose -t*z - 1400 = -1694*z. What is the remainder when z is divided by 44?
42
Let q be (51 - -77)/(2/1). Suppose -91 = -3*x - q. Calculate the remainder when 21 is divided by x.
3
Let d(g) = -75*g - 6. Let f be d(-2). Let h = f + -85. Calculate the remainder when h is divided by 24.
11
Let s(w) = 227*w**3. Let f be s(1). Suppose 2*d - f = 1. What is the remainder when d is divided by ((-2)/(20/145))/((-1)/2)?
27
Suppose -1113 = -4*m - 5*s, -6*m - 3*s = -m - 1388. What is the remainder when m is divided by 31?
29
Let j(w) = -6*w**2 + 349*w - 317. Calculate the remainder when 2376 is divided by j(57).
80
Suppose -327 + 87 = -6*y. Suppose 0 = -2*z + 18 + y. Let f = z + -9. Calculate the remainder when f is divided by 12.
8
Let f(l) = -2*l**2 + 229*l - 2521. Suppose -56 + 196 = w. Calculate the remainder when w is divided by f(102).
24
Suppose 48*y - 45*y = -2*x + 1605, 0 = x. What is the remainder when y is divided by 109?
99
Suppose -9*o + 3*o = -24. Suppose o*g = -5*g + 378. Suppose -2*j + 85 = 5*z, 5*z + j - 65 = 3*j. Calculate the remainder when g is divided by z.
12
Suppose 5*v = 4*j + 25, -3*j + 5*j = -5*v + 85. Suppose 2536 = 6*x - 2*x. Calculate the remainder when x is divided by v.
10
Suppose c - 1029 = -4*v, -5*v + 1288 = -4*c + 7*c. Calculate the remainder when v is divided by -4 - -7 - (-78)/9 - 124/(-93).
10
What is the remainder when (9 + (-264)/36)/(2/114) is divided by 76?
19
Let u(y) = y**3 + 7*y**2 + 4*y - 10. Let s be u(-6). Suppose -s*i - 1612 = -1700. Calculate the remainder when i is divided by 17.
10
Let u(w) = -24*w**3 - 19*w**2 - 29*w - 13. Calculate the remainder when u(-5) is divided by 442.
5
Let v(y) = 10*y - 8. Let k(n) = 51*n - 40. Let d(q) = 2*k(q) - 11*v(q). Let g be d(2). Let l(p) = -11*p - 19. What is the remainder when l(g) is divided by 18?
15
Let y = 40 - -9. Let j = 52 - y. Suppose -2*z = -j*o + 77 + 157, -249 = -3*o - 3*z. Calculate the remainder when o is divided by 27.
26
Suppose 4*z - 3*z = 2*w - 9, w + 2*z = -3. Suppose 36 + 90 = w*d. Suppose 4*o - u = d, 4*o + u + u - 48 = 0. What is the remainder when 64 is divided by o?
9
Suppose 4121*i - 765 = 4112*i. What is the remainder when i is divided by 7?
1
Let y(f) = -f**2 - 2*f - 24. Let d be y(0). Let s = d + 72. Suppose -5*l + 66 = -4*h, 0*l + 4*l - 5*h - 60 = 0. What is the remainder when s is divided by l?
8
Let i(m) = -4*m**2 - 2*m - 9. Let t be i(-2). Let g = 65 + t. What is the remainder when 131 is divided by g?
43
Calculate the remainder when 628 is divided by ((-12)/27)/(430/387) + (-1581)/(-15).
103
Let y(x) = -2*x**3 - x**2 + 10*x + 29. Let f be y(-4). Suppose 269 = 12*n + f. What is the remainder when 261 is divided by n?
9
Suppose 188*d - 3126 = -189*d + 374*d. What is the remainder when d is divided by 202?
32
Suppose -3*a + 3*s = 225, -5*a + a = 5*s + 309. Let h = a + 120. Calculate the remainder when h is divided by 23.
21
Let r = -1963 - -2069. What is the remainder when r is divided by 13?
2
Let x = 1905 + -1725. Calculate the remainder when 356 is divided by x.
176
Suppose 5*j = -40, 12596 = 17*t - 15*t - 4*j. What is the remainder when t is divided by 16?
10
Suppose 4*u = 1 + 3. Let w be 210/25 - (u - (-6)/(-10)). What is the remainder when ((-114)/w)/(3/(-16)*1) is divided by 20?
16
Let d = 12534 - 12398. What is the remainder when d is divided by 65?
6
Let w(h) = 2*h**2 - 21*h - 2. Let z be w(10). Let m be -4 - 26*z/8. Calculate the remainder when 123 is divided by (-10)/m + ((-177)/(-7) - -1).
19
Let q(f) = f**3 - 9*f + 13. Let v be q(0). Suppose -a - 5*h = -10, -h + 11 = -4*a + 6*a. Calculate the remainder when (v/(-3))/(1*7/(-21)) is divided by a.
3
Suppose 1275 = 3*w + 4*p - 2183, -2317 = -2*w - p. What is the remainder when w is divided by 64?
10
Suppose -c + 4*c - 96 = 0. Let g(h) = -25*h**3 - 2*h**2 - 124*h - 124. Calculate the remainder when (-342)/(-8)*c/12 is divided by g(-1).
22
Let k(u) = 14*u + 8. Let l be k(-8). Suppose -2*j = 172 - 412. Let r = l + j. What is the remainder when 76 is divided by r?
12
Let q be ((-12)/(-21))/((-38)/(-2793)). Let o = q + -1. Calculate the remainder when 189 is divided by o.
25
Let c = -4888 - -5136. What is the remainder when c is divided by 18?
14
Suppose -44*s = -52*s + 2232. What is the remainder when s is divided by 113?
53
Suppose m + 2*z + 3*z + 113 = 0, -503 = 4*m + 3*z. Let o = m - -398. What is the remainder when o is divided by 21?
18
Let q(d) = d**3 + 2*d**2 - 294*d - 7. What is the remainder when q(17) is divided by 156?
18
Let g = -239 - -354. Let v = -35 + g. Calculate the remainder when v is divided by 27.
26
Let r(s) = -s**3 - 44*s**2 - 29*s + 84. Calculate the remainder when r(-44) is divided by 31.
27
Let r(w) = -43*w + 3*w**2 - 5 + 27*w - 6*w**2. Let k be r(-5). Suppose v - 158 = -4*s, k = -3*s + 4*s - v - 37. Calculate the remainder when s is divided by 14.
11
Let c(b) = -b**3 + b**2 + 26*b + 52. Calculate the remainder when 82 is divided by c(-2).
10
Let u = -31 + 66. Suppose -98*d + 92*d = 0. Suppose 3*y - 23 = 4*j, d = -j - 0*j + 1. Calculate the remainder when u is divided by y.
8
Suppose 0*k = 2*n + k - 1, 2*k = n + 2. Let h(a) = a**3 + 2*a**2 + 3*a + 19. What is the remainder when h(n) is divided by 12?
7
Suppose -2*f = -n - 2520, -2*f = -4*n - 16 - 2480. Calculate the remainder when f is divided by 421.
1
Let n = 33 - -8. Suppose 44 = c - n. Suppose 4*f = -0*g + 5*g - c, 5*g - 85 = -f. Calculate the remainder when 47 is divided by g.
13
Suppose -h = s + 1 - 2, 5*h - 5 = 3*s. Let b(y) = 73*y - 1. Let z be b(h). What is the remainder when 59 is divided by (-92)/(-9) - 16/z?
9
Suppose -119*i = -6*i + 40*i + 3672. Let k be 141/(2 + (-2)/4). Let f = k - i. Calculate the remainder when f is divided by 15.
13
Suppose -33*h = 1085 - 1580. Let s(w) = -w**2 - 10*w - 4. Let i be s(-10). What is the remainder when ((-550)/40)/(1/i) is divided by h?
10
Let p = -13786 + 13793. Calculate the remainder when 110 is divided by p.
5
Let w(y) = -70*y + 14. Let p be w(2). Let g = -124 - p. Calculate the remainder when 24 is divided by g.
0
Let b(u) = -46*u + 406. Suppose 2 + 16 = 3*g. Let t(m) = -m**3 + 7*m**2 - 2*m - 4. Calculate the remainder when b(8) is divided by t(g).
18
Let i = 218 + -216. Suppose 3*h + i*j = 2*h + 205, 5*h - 3*j = 986. Calculate the remai